{"id":18,"date":"2020-02-25T10:25:26","date_gmt":"2020-02-25T09:25:26","guid":{"rendered":"http:\/\/www.rasl-engineering.at\/?page_id=18"},"modified":"2020-02-27T09:56:48","modified_gmt":"2020-02-27T08:56:48","slug":"angebot","status":"publish","type":"page","link":"http:\/\/www.rasl-engineering.at\/","title":{"rendered":"Angebot"},"content":{"rendered":"<section id=\"builder-section-text_11\" class=\"builder-section-first builder-section builder-section-text builder-section-last builder-text-columns-1\" style=\"background-size: cover; background-repeat: no-repeat;background-position: center center;\">\n<div class=\"builder-section-content\">\n<div class=\"builder-text-row\">\n<div class=\"builder-text-column builder-text-column-1\" id=\"builder-section-text_11-column-1\">\n<div class=\"builder-text-content\">\n<h1><img loading=\"lazy\" class=\"alignleft wp-image-64\" src=\"http:\/\/www.rasl-engineering.at\/wp-content\/uploads\/2020\/02\/Elektrotechnik-Symbol-300x282.jpg\" alt=\"\" width=\"250\" height=\"235\" srcset=\"http:\/\/www.rasl-engineering.at\/wp-content\/uploads\/2020\/02\/Elektrotechnik-Symbol-300x282.jpg 300w, http:\/\/www.rasl-engineering.at\/wp-content\/uploads\/2020\/02\/Elektrotechnik-Symbol-768x721.jpg 768w, http:\/\/www.rasl-engineering.at\/wp-content\/uploads\/2020\/02\/Elektrotechnik-Symbol.jpg 852w\" sizes=\"(max-width: 250px) 100vw, 250px\" \/>Elektrotechnik<\/h1>\n<p>Mit der richtigen<strong> Planung und Durchf\u00fchrung<\/strong> Ihrer <strong>Elektroinstallation<\/strong> holen Sie sich <strong>Komfort und Sicherheit<\/strong> nach Hause!<\/p>\n<hr class=\"ttfmake-hr\" style=\"border-style: solid; border-top-width: 1px;\" \/>\n<h1><img loading=\"lazy\" class=\"alignleft wp-image-61\" src=\"http:\/\/www.rasl-engineering.at\/wp-content\/uploads\/2020\/02\/Photovoltaik-Symbol-300x282.jpg\" alt=\"\" width=\"250\" height=\"235\" srcset=\"http:\/\/www.rasl-engineering.at\/wp-content\/uploads\/2020\/02\/Photovoltaik-Symbol-300x282.jpg 300w, http:\/\/www.rasl-engineering.at\/wp-content\/uploads\/2020\/02\/Photovoltaik-Symbol-768x721.jpg 768w, http:\/\/www.rasl-engineering.at\/wp-content\/uploads\/2020\/02\/Photovoltaik-Symbol.jpg 852w\" sizes=\"(max-width: 250px) 100vw, 250px\" \/>Photovoltaik<\/h1>\n<p>Erzeugen Sie Ihren eigenen <strong>Strom<\/strong>. Von der klassischen <strong>Hausdachanlage<\/strong> bis hin zur <strong>Insell\u00f6sung<\/strong>, damit Sie vollig autark Ihren Strom nutzen k\u00f6nnen.<\/p>\n<hr class=\"ttfmake-hr\" style=\"border-style: solid; border-top-width: 1px;\" \/>\n<h1><img loading=\"lazy\" class=\"alignleft wp-image-62\" src=\"http:\/\/www.rasl-engineering.at\/wp-content\/uploads\/2020\/02\/Planung-Symbol-300x282.jpg\" alt=\"\" width=\"250\" height=\"235\" srcset=\"http:\/\/www.rasl-engineering.at\/wp-content\/uploads\/2020\/02\/Planung-Symbol-300x282.jpg 300w, http:\/\/www.rasl-engineering.at\/wp-content\/uploads\/2020\/02\/Planung-Symbol-768x721.jpg 768w, http:\/\/www.rasl-engineering.at\/wp-content\/uploads\/2020\/02\/Planung-Symbol.jpg 852w\" sizes=\"(max-width: 250px) 100vw, 250px\" \/>Planung, Pr\u00fcfbefunde &amp; Abnahmen<\/h1>\n<p>Eine gute <strong>Planung<\/strong> spart Ihnen Zeit und Geld. <br \/><strong>Pr\u00fcfbefunde<\/strong> werden gesetzeskonform und mit h\u00f6chster Genauigkeit von mir erstellt.<\/p>\n<hr class=\"ttfmake-hr\" style=\"border-style: solid; border-top-width: 1px;\" \/>\n<h1><img loading=\"lazy\" class=\"alignleft wp-image-65\" src=\"http:\/\/www.rasl-engineering.at\/wp-content\/uploads\/2020\/02\/Installation-Symbol-300x282.jpg\" alt=\"\" width=\"250\" height=\"235\" srcset=\"http:\/\/www.rasl-engineering.at\/wp-content\/uploads\/2020\/02\/Installation-Symbol-300x282.jpg 300w, http:\/\/www.rasl-engineering.at\/wp-content\/uploads\/2020\/02\/Installation-Symbol-768x721.jpg 768w, http:\/\/www.rasl-engineering.at\/wp-content\/uploads\/2020\/02\/Installation-Symbol.jpg 852w\" sizes=\"(max-width: 250px) 100vw, 250px\" \/>Installation &amp; Wasser<\/h1>\n<p>Ich helfe Ihnen auch bei allen <strong>Sanit\u00e4r-Installation,<\/strong> im und rund ums Haus. Von der <strong>Planung<\/strong> bis zur <strong>Durchf\u00fchrung<\/strong>, Sie haben immer nur einen Ansprechpartner!<\/p>\n<hr class=\"ttfmake-hr\" style=\"border-style: solid; border-top-width: 1px;\" \/>\n<h1><img loading=\"lazy\" class=\"alignleft wp-image-63\" src=\"http:\/\/www.rasl-engineering.at\/wp-content\/uploads\/2020\/02\/Heizung-Symbol-300x282.jpg\" alt=\"\" width=\"250\" height=\"235\" srcset=\"http:\/\/www.rasl-engineering.at\/wp-content\/uploads\/2020\/02\/Heizung-Symbol-300x282.jpg 300w, http:\/\/www.rasl-engineering.at\/wp-content\/uploads\/2020\/02\/Heizung-Symbol-768x721.jpg 768w, http:\/\/www.rasl-engineering.at\/wp-content\/uploads\/2020\/02\/Heizung-Symbol.jpg 852w\" sizes=\"(max-width: 250px) 100vw, 250px\" \/>Gas &amp; Heizung<\/h1>\n<p>Gasleitungen und Heizungsrohre <b>verlegen<\/b>, <b>reparieren<\/b>, <b>sanieren<\/b>, <b>abdichten<\/b> und <b>abkappen<\/b>. Sowie <b>Gasdichtheitspr\u00fcfung. <\/b>Auch hier kann ich Ihnen einfach und schnell helfen.<\/p>\n<hr class=\"ttfmake-hr\" style=\"border-style: solid; border-top-width: 1px;\" \/>\n<h1><img loading=\"lazy\" class=\"alignleft wp-image-66\" src=\"http:\/\/www.rasl-engineering.at\/wp-content\/uploads\/2020\/02\/Klima-Symbol-300x282.jpg\" alt=\"\" width=\"250\" height=\"235\" srcset=\"http:\/\/www.rasl-engineering.at\/wp-content\/uploads\/2020\/02\/Klima-Symbol-300x282.jpg 300w, http:\/\/www.rasl-engineering.at\/wp-content\/uploads\/2020\/02\/Klima-Symbol-768x721.jpg 768w, http:\/\/www.rasl-engineering.at\/wp-content\/uploads\/2020\/02\/Klima-Symbol.jpg 852w\" sizes=\"(max-width: 250px) 100vw, 250px\" \/>Klimatechnik<\/h1>\n<p><strong>Beschaffung<\/strong> und <strong>fachgerechte Montage<\/strong> von ma\u00dfgeschneiderten L\u00f6sungen zur <strong>K\u00fchlung Ihrer R\u00e4ume.<\/strong><\/p>\n<hr class=\"ttfmake-hr\" style=\"border-style: solid; border-top-width: 1px;\" \/>\n\t\t\t\t\t<\/div>\n<\/p><\/div>\n<\/p><\/div>\n<\/p><\/div>\n<\/section>\n","protected":false},"excerpt":{"rendered":"<p>Elektrotechnik Mit der richtigen Planung und Durchf\u00fchrung Ihrer Elektroinstallation holen Sie sich Komfort und Sicherheit nach Hause! Photovoltaik Erzeugen Sie Ihren eigenen Strom. Von der klassischen Hausdachanlage bis hin zur Insell\u00f6sung, damit Sie vollig autark Ihren Strom nutzen k\u00f6nnen. Planung, Pr\u00fcfbefunde &amp; Abnahmen Eine gute Planung spart Ihnen Zeit und Geld. Pr\u00fcfbefunde werden gesetzeskonform und &hellip;<\/p>\n","protected":false},"author":1,"featured_media":0,"parent":0,"menu_order":0,"comment_status":"closed","ping_status":"closed","template":"template-builder.php","meta":[],"_links":{"self":[{"href":"http:\/\/www.rasl-engineering.at\/index.php?rest_route=\/wp\/v2\/pages\/18"}],"collection":[{"href":"http:\/\/www.rasl-engineering.at\/index.php?rest_route=\/wp\/v2\/pages"}],"about":[{"href":"http:\/\/www.rasl-engineering.at\/index.php?rest_route=\/wp\/v2\/types\/page"}],"author":[{"embeddable":true,"href":"http:\/\/www.rasl-engineering.at\/index.php?rest_route=\/wp\/v2\/users\/1"}],"replies":[{"embeddable":true,"href":"http:\/\/www.rasl-engineering.at\/index.php?rest_route=%2Fwp%2Fv2%2Fcomments&post=18"}],"version-history":[{"count":5,"href":"http:\/\/www.rasl-engineering.at\/index.php?rest_route=\/wp\/v2\/pages\/18\/revisions"}],"predecessor-version":[{"id":71,"href":"http:\/\/www.rasl-engineering.at\/index.php?rest_route=\/wp\/v2\/pages\/18\/revisions\/71"}],"wp:attachment":[{"href":"http:\/\/www.rasl-engineering.at\/index.php?rest_route=%2Fwp%2Fv2%2Fmedia&parent=18"}],"curies":[{"name":"wp","href":"https:\/\/api.w.org\/{rel}","templated":true}]}}